{"id":2252,"date":"2017-03-27T10:58:36","date_gmt":"2017-03-27T08:58:36","guid":{"rendered":"https:\/\/arts-forains.com\/wp-content\/uploads\/2017\/03\/jardins-pavillons-bercy.jpg"},"modified":"2017-03-27T10:58:36","modified_gmt":"2017-03-27T08:58:36","slug":"jardins-pavillons-bercy-2","status":"inherit","type":"attachment","link":"https:\/\/arts-forains.com\/en\/jardins-pavillons-bercy-2","title":{"rendered":"Th\u00e9\u00e2tre de Verdure &#8211; Destination Paris Bercy"},"author":1,"featured_media":0,"comment_status":"closed","ping_status":"closed","template":"","meta":{"_acf_changed":false},"class_list":["post-2252","attachment","type-attachment","status-inherit","hentry"],"acf":[],"yoast_head":"<!-- This site is optimized with the Yoast SEO plugin v27.5 - https:\/\/yoast.com\/product\/yoast-seo-wordpress\/ -->\n<title>Th\u00e9\u00e2tre de Verdure - Destination Paris Bercy - Les Pavillons de Bercy<\/title>\n<meta name=\"robots\" content=\"index, follow, max-snippet:-1, max-image-preview:large, max-video-preview:-1\" \/>\n<link rel=\"canonical\" href=\"https:\/\/arts-forains.com\/wp-content\/uploads\/2017\/03\/jardins-pavillons-bercy.jpg\" \/>\n<meta property=\"og:locale\" content=\"en_US\" \/>\n<meta property=\"og:type\" content=\"article\" \/>\n<meta property=\"og:title\" content=\"Th\u00e9\u00e2tre de Verdure - Destination Paris Bercy - Les Pavillons de Bercy\" \/>\n<meta property=\"og:description\" content=\"Th\u00e9\u00e2tre du Verdure - Destination Paris Bercy \u00a9 Pavillons de Bercy\" \/>\n<meta property=\"og:url\" content=\"https:\/\/arts-forains.com\/wp-content\/uploads\/2017\/03\/jardins-pavillons-bercy.jpg\" \/>\n<meta property=\"og:site_name\" content=\"Les Pavillons de Bercy\" \/>\n<meta property=\"og:image\" content=\"https:\/\/arts-forains.com\/wp-content\/uploads\/2017\/03\/jardins-pavillons-bercy.jpg\" \/>\n\t<meta property=\"og:image:width\" content=\"886\" \/>\n\t<meta property=\"og:image:height\" content=\"885\" \/>\n\t<meta property=\"og:image:type\" content=\"image\/jpeg\" \/>\n<meta name=\"twitter:card\" content=\"summary_large_image\" \/>\n<script type=\"application\/ld+json\" class=\"yoast-schema-graph\">{\"@context\":\"https:\\\/\\\/schema.org\",\"@graph\":[{\"@type\":\"WebPage\",\"@id\":\"https:\\\/\\\/arts-forains.com\\\/wp-content\\\/uploads\\\/2017\\\/03\\\/jardins-pavillons-bercy.jpg\",\"url\":\"https:\\\/\\\/arts-forains.com\\\/wp-content\\\/uploads\\\/2017\\\/03\\\/jardins-pavillons-bercy.jpg\",\"name\":\"Th\u00e9\u00e2tre de Verdure - Destination Paris Bercy - Les Pavillons de Bercy\",\"isPartOf\":{\"@id\":\"https:\\\/\\\/arts-forains.com\\\/#website\"},\"datePublished\":\"2017-03-27T08:58:36+00:00\",\"breadcrumb\":{\"@id\":\"https:\\\/\\\/arts-forains.com\\\/wp-content\\\/uploads\\\/2017\\\/03\\\/jardins-pavillons-bercy.jpg#breadcrumb\"},\"inLanguage\":\"en-US\",\"potentialAction\":[{\"@type\":\"ReadAction\",\"target\":[\"https:\\\/\\\/arts-forains.com\\\/wp-content\\\/uploads\\\/2017\\\/03\\\/jardins-pavillons-bercy.jpg\"]}]},{\"@type\":\"BreadcrumbList\",\"@id\":\"https:\\\/\\\/arts-forains.com\\\/wp-content\\\/uploads\\\/2017\\\/03\\\/jardins-pavillons-bercy.jpg#breadcrumb\",\"itemListElement\":[{\"@type\":\"ListItem\",\"position\":1,\"name\":\"Home\",\"item\":\"https:\\\/\\\/arts-forains.com\\\/en\"},{\"@type\":\"ListItem\",\"position\":2,\"name\":\"Th\u00e9\u00e2tre de Verdure &#8211; Destination Paris Bercy\"}]},{\"@type\":\"WebSite\",\"@id\":\"https:\\\/\\\/arts-forains.com\\\/#website\",\"url\":\"https:\\\/\\\/arts-forains.com\\\/\",\"name\":\"Les Pavillons de Bercy\",\"description\":\"\",\"potentialAction\":[{\"@type\":\"SearchAction\",\"target\":{\"@type\":\"EntryPoint\",\"urlTemplate\":\"https:\\\/\\\/arts-forains.com\\\/?s={search_term_string}\"},\"query-input\":{\"@type\":\"PropertyValueSpecification\",\"valueRequired\":true,\"valueName\":\"search_term_string\"}}],\"inLanguage\":\"en-US\"}]}<\/script>\n<!-- \/ Yoast SEO plugin. -->","yoast_head_json":{"title":"Th\u00e9\u00e2tre de Verdure - Destination Paris Bercy - Les Pavillons de Bercy","robots":{"index":"index","follow":"follow","max-snippet":"max-snippet:-1","max-image-preview":"max-image-preview:large","max-video-preview":"max-video-preview:-1"},"canonical":"https:\/\/arts-forains.com\/wp-content\/uploads\/2017\/03\/jardins-pavillons-bercy.jpg","og_locale":"en_US","og_type":"article","og_title":"Th\u00e9\u00e2tre de Verdure - Destination Paris Bercy - Les Pavillons de Bercy","og_description":"Th\u00e9\u00e2tre du Verdure - Destination Paris Bercy \u00a9 Pavillons de Bercy","og_url":"https:\/\/arts-forains.com\/wp-content\/uploads\/2017\/03\/jardins-pavillons-bercy.jpg","og_site_name":"Les Pavillons de Bercy","og_image":[{"width":886,"height":885,"url":"https:\/\/arts-forains.com\/wp-content\/uploads\/2017\/03\/jardins-pavillons-bercy.jpg","type":"image\/jpeg"}],"twitter_card":"summary_large_image","schema":{"@context":"https:\/\/schema.org","@graph":[{"@type":"WebPage","@id":"https:\/\/arts-forains.com\/wp-content\/uploads\/2017\/03\/jardins-pavillons-bercy.jpg","url":"https:\/\/arts-forains.com\/wp-content\/uploads\/2017\/03\/jardins-pavillons-bercy.jpg","name":"Th\u00e9\u00e2tre de Verdure - Destination Paris Bercy - Les Pavillons de Bercy","isPartOf":{"@id":"https:\/\/arts-forains.com\/#website"},"datePublished":"2017-03-27T08:58:36+00:00","breadcrumb":{"@id":"https:\/\/arts-forains.com\/wp-content\/uploads\/2017\/03\/jardins-pavillons-bercy.jpg#breadcrumb"},"inLanguage":"en-US","potentialAction":[{"@type":"ReadAction","target":["https:\/\/arts-forains.com\/wp-content\/uploads\/2017\/03\/jardins-pavillons-bercy.jpg"]}]},{"@type":"BreadcrumbList","@id":"https:\/\/arts-forains.com\/wp-content\/uploads\/2017\/03\/jardins-pavillons-bercy.jpg#breadcrumb","itemListElement":[{"@type":"ListItem","position":1,"name":"Home","item":"https:\/\/arts-forains.com\/en"},{"@type":"ListItem","position":2,"name":"Th\u00e9\u00e2tre de Verdure &#8211; Destination Paris Bercy"}]},{"@type":"WebSite","@id":"https:\/\/arts-forains.com\/#website","url":"https:\/\/arts-forains.com\/","name":"Les Pavillons de Bercy","description":"","potentialAction":[{"@type":"SearchAction","target":{"@type":"EntryPoint","urlTemplate":"https:\/\/arts-forains.com\/?s={search_term_string}"},"query-input":{"@type":"PropertyValueSpecification","valueRequired":true,"valueName":"search_term_string"}}],"inLanguage":"en-US"}]}},"description":{"rendered":"<p class=\"attachment\"><a href='https:\/\/arts-forains.com\/wp-content\/uploads\/2017\/03\/jardins-pavillons-bercy.jpg'><img loading=\"lazy\" decoding=\"async\" width=\"886\" height=\"885\" src=\"https:\/\/arts-forains.com\/wp-content\/uploads\/2017\/03\/jardins-pavillons-bercy.jpg\" class=\"attachment-medium size-medium\" alt=\"\" srcset=\"https:\/\/arts-forains.com\/wp-content\/uploads\/2017\/03\/jardins-pavillons-bercy.jpg 886w, https:\/\/arts-forains.com\/wp-content\/uploads\/2017\/03\/jardins-pavillons-bercy-600x600.jpg 600w, https:\/\/arts-forains.com\/wp-content\/uploads\/2017\/03\/jardins-pavillons-bercy-768x767.jpg 768w\" sizes=\"auto, (max-width: 886px) 100vw, 886px\" \/><\/a><\/p>\n"},"caption":{"rendered":"<p>Th\u00e9\u00e2tre du Verdure &#8211; Destination Paris Bercy<br \/>\n\u00a9 Pavillons de Bercy <\/p>\n"},"alt_text":"","media_type":"image","mime_type":"image\/jpeg","media_details":{"width":886,"height":885,"file":"2017\/03\/jardins-pavillons-bercy.jpg","sizes":{"thumbnail":{"file":"jardins-pavillons-bercy-600x600.jpg","width":600,"height":600,"mime_type":"image\/jpeg","source_url":"https:\/\/arts-forains.com\/wp-content\/uploads\/2017\/03\/jardins-pavillons-bercy-600x600.jpg"},"medium_large":{"file":"jardins-pavillons-bercy-768x767.jpg","width":768,"height":767,"mime_type":"image\/jpeg","source_url":"https:\/\/arts-forains.com\/wp-content\/uploads\/2017\/03\/jardins-pavillons-bercy-768x767.jpg"},"full":{"file":"jardins-pavillons-bercy.jpg","width":886,"height":885,"mime_type":"image\/jpeg","source_url":"https:\/\/arts-forains.com\/wp-content\/uploads\/2017\/03\/jardins-pavillons-bercy.jpg"}},"image_meta":{"aperture":"0","credit":"","camera":"","caption":"","created_timestamp":"0","copyright":"","focal_length":"0","iso":"0","shutter_speed":"0","title":"","orientation":"0","keywords":[]}},"post":null,"source_url":"https:\/\/arts-forains.com\/wp-content\/uploads\/2017\/03\/jardins-pavillons-bercy.jpg","_links":{"self":[{"href":"https:\/\/arts-forains.com\/en\/wp-json\/wp\/v2\/media\/2252","targetHints":{"allow":["GET"]}}],"collection":[{"href":"https:\/\/arts-forains.com\/en\/wp-json\/wp\/v2\/media"}],"about":[{"href":"https:\/\/arts-forains.com\/en\/wp-json\/wp\/v2\/types\/attachment"}],"author":[{"embeddable":true,"href":"https:\/\/arts-forains.com\/en\/wp-json\/wp\/v2\/users\/1"}],"replies":[{"embeddable":true,"href":"https:\/\/arts-forains.com\/en\/wp-json\/wp\/v2\/comments?post=2252"}]}}

Théâtre de Verdure &#8211; Destination Paris Bercy

<!-- This site is optimized with the Yoast SEO plugin v27.5 - https://yoast.com/product/yoast-seo-wordpress/ -->
<title>Théâtre de Verdure - Destination Paris Bercy - Les Pavillons de Bercy</title>
<meta name="robots" content="index, follow, max-snippet:-1, max-image-preview:large, max-video-preview:-1" />
<link rel="canonical" href="https://arts-forains.com/wp-content/uploads/2017/03/jardins-pavillons-bercy.jpg" />
<meta property="og:locale" content="en_US" />
<meta property="og:type" content="article" />
<meta property="og:title" content="Théâtre de Verdure - Destination Paris Bercy - Les Pavillons de Bercy" />
<meta property="og:description" content="Théâtre du Verdure - Destination Paris Bercy © Pavillons de Bercy" />
<meta property="og:url" content="https://arts-forains.com/wp-content/uploads/2017/03/jardins-pavillons-bercy.jpg" />
<meta property="og:site_name" content="Les Pavillons de Bercy" />
<meta property="og:image" content="https://arts-forains.com/wp-content/uploads/2017/03/jardins-pavillons-bercy.jpg" />
	<meta property="og:image:width" content="886" />
	<meta property="og:image:height" content="885" />
	<meta property="og:image:type" content="image/jpeg" />
<meta name="twitter:card" content="summary_large_image" />
<script type="application/ld+json" class="yoast-schema-graph">{"@context":"https:\/\/schema.org","@graph":[{"@type":"WebPage","@id":"https:\/\/arts-forains.com\/wp-content\/uploads\/2017\/03\/jardins-pavillons-bercy.jpg","url":"https:\/\/arts-forains.com\/wp-content\/uploads\/2017\/03\/jardins-pavillons-bercy.jpg","name":"Théâtre de Verdure - Destination Paris Bercy - Les Pavillons de Bercy","isPartOf":{"@id":"https:\/\/arts-forains.com\/#website"},"datePublished":"2017-03-27T08:58:36+00:00","breadcrumb":{"@id":"https:\/\/arts-forains.com\/wp-content\/uploads\/2017\/03\/jardins-pavillons-bercy.jpg#breadcrumb"},"inLanguage":"en-US","potentialAction":[{"@type":"ReadAction","target":["https:\/\/arts-forains.com\/wp-content\/uploads\/2017\/03\/jardins-pavillons-bercy.jpg"]}]},{"@type":"BreadcrumbList","@id":"https:\/\/arts-forains.com\/wp-content\/uploads\/2017\/03\/jardins-pavillons-bercy.jpg#breadcrumb","itemListElement":[{"@type":"ListItem","position":1,"name":"Home","item":"https:\/\/arts-forains.com\/en"},{"@type":"ListItem","position":2,"name":"Théâtre de Verdure &#8211; Destination Paris Bercy"}]},{"@type":"WebSite","@id":"https:\/\/arts-forains.com\/#website","url":"https:\/\/arts-forains.com\/","name":"Les Pavillons de Bercy","description":"","potentialAction":[{"@type":"SearchAction","target":{"@type":"EntryPoint","urlTemplate":"https:\/\/arts-forains.com\/?s={search_term_string}"},"query-input":{"@type":"PropertyValueSpecification","valueRequired":true,"valueName":"search_term_string"}}],"inLanguage":"en-US"}]}</script>
<!-- / Yoast SEO plugin. -->

Théâtre de Verdure - Destination Paris Bercy - Les Pavillons de Bercy

Théâtre du Verdure - Destination Paris Bercy © Pavillons de Bercy

<p>Théâtre du Verdure &#8211; Destination Paris Bercy<br />
© Pavillons de Bercy </p>
